485 is divided by 420?
405
What is the remainder when 17433086 is divided by 3?
2
Calculate the remainder when 40349 is divided by 12984.
1397
Calculate the remainder when 6634 is divided by 22.
12
What is the remainder when 1903148 is divided by 1042?
456
What is the remainder when 47839716 is divided by 23919850?
16
What is the remainder when 393086 is divided by 56154?
8
What is the remainder when 48211 is divided by 9329?
1566
What is the remainder when 30261 is divided by 507?
348
Calculate the remainder when 6579823 is divided by 94.
11
Calculate the remainder when 2090486 is divided by 43.
41
Calculate the remainder when 223948 is divided by 162.
64
Calculate the remainder when 7762182 is divided by 9667.
9248
What is the remainder when 709767 is divided by 476?
51
What is the remainder when 177899 is divided by 8467?
92
What is the remainder when 118710425 is divided by 74?
69
What is the remainder when 15176 is divided by 588?
476
What is the remainder when 8756345 is divided by 316?
301
Calculate the remainder when 392146 is divided by 56001.
139
Calculate the remainder when 126373 is divided by 4838.
585
What is the remainder when 225601933 is divided by 45?
13
What is the remainder when 12655747 is divided by 2531144?
27
Calculate the remainder when 19331 is divided by 6062.
1145
Calculate the remainder when 109066 is divided by 12068.
454
What is the remainder when 1097060 is divided by 1227?
122
Calculate the remainder when 16945 is divided by 9383.
7562
What is the remainder when 164435887 is divided by 16?
15
Calculate the remainder when 2383726 is divided by 2071.
5
What is the remainder when 55513 is divided by 436?
141
Calculate the remainder when 43799 is divided by 3341.
366
Calculate the remainder when 2665456 is divided by 37020.
16
Calculate the remainder when 31518321 is divided by 2.
1
What is the remainder when 461612 is divided by 270?
182
What is the remainder when 97473 is divided by 3350?
323
Calculate the remainder when 498685 is divided by 386.
359
What is the remainder when 64058 is divided by 5781?
467
Calculate the remainder when 1109715 is divided by 1229.
1157
What is the remainder when 1018337 is divided by 101833?
7
Calculate the remainder when 1171366 is divided by 233990.
1416
What is the remainder when 479303 is divided by 2159?
5
What is the remainder when 45712 is divided by 2644?
764
Calculate the remainder when 149817 is divided by 74868.
81
Calculate the remainder when 570870 is divided by 1622.
1548
Calculate the remainder when 144496005 is divided by 72248002.
1
Calculate the remainder when 48438 is divided by 16081.
195
What is the remainder when 27951 is divided by 1540?
231
Calculate the remainder when 509147 is divided by 333.
323
Calculate the remainder when 105338 is divided by 1579.
1124
Calculate the remainder when 29258277 is divided by 303.
294
Calculate the remainder when 11218614 is divided by 7611.
0
Calculate the remainder when 1063035 is divided by 657.
9
Calculate the remainder when 67365219 is divided by 109359.
75
Calculate the remainder when 2672003 is divided by 133596.
83
What is the remainder when 419009 is divided by 1102?
249
Calculate the remainder when 101553109 is divided by 28.
21
What is the remainder when 266469 is divided by 1587?
1440
What is the remainder when 67953 is divided by 22626?
75
What is the remainder when 90669551 is divided by 45334762?
27
What is the remainder when 8830202 is divided by 95?
47
Calculate the remainder when 436056 is divided by 6055.
96
Calculate the remainder when 8174158 is divided by 10.
8
Calculate the remainder when 124432 is divided by 4602.
178
What is the remainder when 1240864 is divided by 9?
7
What is the remainder when 65123958 is divided by 55?
53
Calculate the remainder when 250951 is divided by 2241.
2200
What is the remainder when 280174 is divided by 2802?
2776
What is the remainder when 14572 is divided by 11722?
2850
What is the remainder when 2323209 is divided by 2553?
2532
Calculate the remainder when 13988 is divided by 4285.
1133
Calculate the remainder when 188533 is divided by 4404.
3565
What is the remainder when 12142 is divided by 1796?
1366
What is the remainder when 457808 is divided by 50787?
725
What is the remainder when 2406365298 is divided by 4043?
4042
What is the remainder when 397026 is divided by 1237?
1186
Calculate the remainder when 11145466 is divided by 7582.
7508
Calculate the remainder when 2208688 is divided by 25.
13
Calculate the remainder when 260864 is divided by 909.
890
Calculate the remainder when 81547671 is divided by 39.
36
Calculate the remainder when 373460 is divided by 373450.
10
Calculate the remainder when 134351103 is divided by 2656.
2655
Calculate the remainder when 123786 is divided by 31.
3
Calculate the remainder when 376105 is divided by 14.
9
Calculate the remainder when 11009139 is divided by 305809.
15
What is the remainder when 26197257 is divided by 5?
2
Calculate the remainder when 92446 is divided by 10082.
1708
What is the remainder when 180664 is divided by 2412?
2176
What is the remainder when 188884 is divided by 4491?
262
What is the remainder when 18528316 is divided by 61?
54
What is the remainder when 8746081 is divided by 514475?
6
What is the remainder when 1455037 is divided by 579?
10
Calculate the remainder when 30391 is divided by 199.
143
What is the remainder when 242945 is divided by 3275?
595
What is the remainder when 18193 is divided by 8276?
1641
Calculate the remainder when 2437762 is divided by 101572.
34
What is the remainder when 87103 is divided by 126?
37
Calculate the remainder when 195902 is divided by 97814.
274
Calculate the remainder when 1321076 is divided by 8866.
42
Calculate the remainder when 415008 is divided by 4998.
174
Calculate the remainder when 20481 is divided by 4074.
111
Calculate the remainder when 942902 is divided by 1623.
1562
What is the remainder when 2917706 is divided by 34?
30
What is the remainder when 31428991 is divided by 4047?
4036
Calculate the remainder when 15121008 is divided by 110.
78
What is the remainder when 89723618 is divided by 26?
10
What is the remainder when 11285270 is divided by 462?
458
Calculate the remainder when 14930411 is divided by 9.
5
Calculate the remainder when 6347764 is divided by 39923.
7
What is the remainder when 3257507 is divided by 361928?
155
Calculate the remainder when 14302855 is divided by 551.
548
What is the remainder when 6268935 is divided by 499?
497
What is the remainder when 10123232 is divided by 186?
182
What is the remainder when 2605448 is divided by 21356?
16
Calculate the remainder when 3849480 is divided by 83684.
16
Calculate the remainder when 60926383 is divided by 3315.
3313
Calculate the remainder when 1652124 is divided by 305.
244
Calculate the remainder when 388414699 is divided by 172.
171
What is the remainder when 3926271 is divided by 3838?
3835
Calculate the remainder when 601100 is divided by 60102.
80
What is the remainder when 479548 is divided by 189?
55
What is the remainder when 3390756 is divided by 206?
202
What is the remainder when 100911 is divided by 33048?
1767
What is the remainder when 4631224 is divided by 177?
19
Calculate the remainder when 28944082 is divided by 315.
307
Calculate the remainder when 19666 is divided by 19275.
391
What is the remainder when 1808526 is divided by 3343?
3306
What is the remainder when 22062268 is divided by 2863?
2853
Calculate the remainder when 3130377 is divided by 2033.
1590
Calculate the remainder when 22610759 is divided by 120.
119
What is the remainder when 36422273 is divided by 118254?
41
What is the remainder when 675574 is divided by 3105?
1789
Calculate the remainder when 9610506 is divided by 318.
228
What is the remainder when 39923 is divided by 167?
10
What is the remainder when 555614 is divided by 4274?
4268
What is the remainder when 19502009 is divided by 59?
31
What is the remainder when 31181998 is divided by 439183?
5
Calculate the remainder when 719166 is divided by 508.
346
Calculate the remainder when 1815437 is divided by 14408.
29
Calculate the remainder when 158331107 is divided by 214.
211
Calculate the remainder when 106520 is divided by 69.
53
